 -3) + -5
-3
Evaluate (-2 - (1 + -2)) + -1 + -4.
-6
What is the value of 1 - (9 - (6 - 4))?
-6
Calculate 3 + 7 + -10 + 5.
5
Evaluate (-6 - -8) + -11 + 2.
-7
-5 - -2 - (4 + -5)
-2
(99 - 104) + (18 - 2)
11
Evaluate 2 + -11 + (-2 - -8).
-3
Evaluate (-2 + 4 - -1) + -4.
-1
What is -5 - (7 - (6 + 1))?
-5
1 - -1 - (3 + -5)
4
Calculate -11 + 0 - (-28 - -10).
7
2 - 4 - 4 - -4
-2
-1 - 5 - (11 + -20 + 7)
-4
-10 + -6 + 14 - (3 - 1)
-4
Calculate -8 + (4 - 1) - -6.
1
(64 - 60) + (0 - 5)
-1
What is the value of -3 - -5 - 7 - (-2 + -4)?
1
3 + -1 - -2 - 5
-1
What is the value of -4 - (-1 + 1 + -6 + 5)?
-3
Evaluate -10 + (1 + 6 - -2).
-1
Evaluate -24 + 7 - -18 - (1 + -1).
1
Calculate -3 + (-4 - -3) + 5.
1
Calculate -1 + -4 + (-73 - -80).
2
What is -2 + -2 + 12 - 8?
0
What is 2 + (10 - (1 - -4)) + 0?
7
What is 11 - 17 - (-1 - 1)?
-4
Calculate -1 + 0 + (11 - 18 - -14).
6
What is 3 - (10 + -5) - 3?
-5
7 - 2 - (-14 + -10 + 20)
9
What is the value of 11 - 22 - (3 + -10)?
-4
Evaluate (2 - -3 - -3) + -4.
4
Evaluate -1 + -1 + 5 + -4.
-1
Evaluate (1 - -5 - 2) + -3.
1
What is the value of (-4 - 1) + 6 + 0 + -4?
-3
-5 - (8 + -5 + -5)
-3
What is the value of 3 - (2 - -3 - 0)?
-2
Calculate 0 - (3 + 3 + -3).
-3
10 + -6 + 12 + -6
10
What is 3 + -2 + 1 - 0 - 0?
2
Evaluate 0 + 5 + (-5 - (0 + -2)).
2
(8 - 5) + (0 - -1)
4
What is (8 + -8 - -2) + -3?
-1
What is the value of 5 + 0 - (0 + 2)?
3
-3 - -8 - (-3 + 2)
6
What is the value of (32 - 31) + (2 - 0)?
3
Evaluate (-7 - -2) + 9 + -2.
2
What is (-4 - -2) + (-1 - 2) + 9?
4
Calculate 2 + -1 + (-4 - -3 - 1).
-1
What is -2 - (2 + (0 + 0 - 1))?
-3
Calculate 2 + 1 + (-1 - -8).
10
Calculate -4 - (-4 - (-7 + 8)) - 5.
-4
What is the value of 6 + 1 + -5 - (8 - 1)?
-5
Calculate -5 + 3 + 2 + 1.
1
What is 6 - 1 - (4 + 0) - 6?
-5
Evaluate -2 - -3 - (-4 + 5 + -4).
4
What is -1 - (-6 - (0 - 0))?
5
Calculate -10 - -4 - (1 - (7 + -3)).
-3
7 + (-13 - (-13 - -8)) + 5
4
What is the value of -2 + 2 - (-1 - 1 - 1)?
3
What is -112 + 114 - (-2 + 0 + 0)?
4
Evaluate -4 - (3 - (0 - -2)) - -2.
-3
Calculate (1 - 5) + (-1 - -5) - 2.
-2
What is -1 + 2 - (-31 - (-26 - -3))?
9
(0 - -3) + 4 + -2
5
Calculate 5 + 0 + 3 + -2 - 0.
6
Calculate (-4 - -6) + -1 - 4.
-3
Evaluate -6 + 4 + -1 + -8 + 6.
-5
3 + -3 + -2 - 0
-2
Calculate 5 - (0 + 1) - 2.
2
4 + -8 + 0 - (-12 - -1)
7
Evaluate 7 + 3 + -12 + 1.
-1
Calculate 13 + -2 + 6 + (-2 - 9).
6
What is -13 - (-13 + 9) - -9?
0
What is -5 - -3 - (-2 + 3 + -3)?
0
Calculate -5 - ((-12 - -17) + (0 - 3)).
-7
Evaluate 3 - (3 + -1 + 4).
-3
Calculate -17 + 19 + 0 + -1 + 0.
1
3 + -7 + 0 - (-3 - -2)
-3
What is (-17 - -12) + (-2 - -9)?
2
What is the value of -5 - (3 + -1 + -7 + 5)?
-5
Calculate 18 + (-29 - -9) + 9.
7
What is -2 - (8 + -4) - (-3 - -2)?
-5
Evaluate 5 + -5 + 5 + (-2 - -2).
5
What is 11 + (6 - 11) - 5?
1
Calculate 4 - (3 + 0 + (-22 - -26)).
-3
10 - 2 - (8 - 4)
4
Evaluate -14 - -14 - (1 + 0).
-1
1 - ((-4 - -5 - 3) + 2)
1
Calculate 0 + 4 + 5 - 9.
0
What is 0 - (-2 + 4 + 8)?
-10
Calculate 6 + -12 + 7 - (-2 - 2).
5
Evaluate -12 + (35 - 18) - (10 - 0).
-5
Calculate 2 - -1 - (-24 - -27).
0
Evaluate -1 + -1 - (3 + -2 + -1).
-2
18 + -12 - (-1 - -15) - -6
-2
What is the value of -6 - (2 - -4 - 8)?
-4
2 + (4 - -1 - 9)
-2
(3 - 2 - 1) + -3
-3
What is the value of -7 + 3 + -3 + -1 + 3?
-5
What is (4 + (-4 - 1) - -2) + 4?
5
What is (10 - 2) + (0 - 4)?
4
Evaluate -4 + (0 - 0) + 18 + -10.
4
Calculate 1 + 2 + (-2 - 1) + -3.
-3
7 + (4 - (0 - -8))
3
Calculate (-8 - 2) + 4 + 5.
-1
Calculate 6 + -2 + 0 + -5 + 1.
0
-4 - (2 + -2 + 4 + -3)
-5
Evaluate 5 + -6 + 3 - (3 + -7).
6
Evaluate (8 - 3 - (1 + -9)) + -6.
7
Evaluate (-1 - -10) + (-69 - -59).
-1
What is the value of -1 + 2 + 11 + (2 - 11)?
3
What is -2 - (-8 - -2) - 1?
3
What is -7 - -5 - -9 - 8?
-1
(-7 - 0) + (4 - 2)
-5
What is the value of -4 - ((-7 - -5) + 3)?
-5
What is 1 + (-15 - -7) - -4?
-3
Evaluate 0 - (10 + (-6 - 2)).
-2
Calculate -11 + 14 + -7 + 0.
-4
(-5 + 4 - -6) + -4
1
Calculate -11 - (-10 + (-2 - -6)).
-5
Calculate -3 + 16 + -7 - 11.
-5
17 - 5 - 10 - 2
0
15 + -11 + (1 - -2) + -16
-9
Calculate 5 - (-3 + 0 + 7).
1
What is -6 - (8 - (-5 + 2 + 9))?
-8
Evaluate 1 - 0 - (0 + (4 - 5)).
2
(-7 - 2) + -7 + 14
-2
(-6 - 4 - -3) + 7 + -2
-2
What is the value of 1 - (-3 - -2) - -2?
4
What is the value of -10 + 0 + -34 + 37?
-7
What is the value of (-2 - 2) + -2 - (7 + -8)?
-5
-5 + 9 + (-13 - -4)
-5
What is 5 + -7 + -12 + 15?
1
What is the value of 2 + 1 - (-1 + 1)?
3
What is the value of 3 + 6 + -2 + -9 - -7?
5
1 + -3 + (-8 - -6)
-4
What is the value of 1 - -1 - (-6 + 8)?
0
What is the value of 2 - -9 - (7 + 2)?
2
0 + -10 + (34 - 31)
-7
Calculate 5 + -2 - (-1 + 1 + 9).
-6
2 + (3 - (-2 + -1 + 6))
2
What is the value of -10 + 4 + -2 - -5?
-3
Evaluate (-1 - -6) + 0 + -3 + 1.
3
Evaluate 5 - (11 - (5 - -1)).
0
What is (3 - 1 - 5) + -2 + 2?
-3
6 + -1 + (-8 - -3)
0
What is (8 + -6 - -7) + -13?
-4
Evaluate 6 - (-1 + (13 - 9)).
3
What is -3 - (2 + -10) - (3 - 2)?
4
What is (-1 - (-3 + 0)) + -4 + 0?
-2
What is -7 + 0 - (-8 + 6)?
-5
Calculate -1 + 0 + -2 - 2.
-5
(-4 - -5) + 4 + -9
-4
Calculate (5 - ((-1 - 2) + 5)) + -3.
0
Calculate 5 - (5 - (-4 + (2 - -4))).
2
Calculate -1 + 2 - (-1 - (5 + -3)).
4
What is -3 - (8 + -10 + 5)?
-6
Evaluate -6 + -1 + -2 - (-3 - 1).
-5
2 - (4 - (-1 + 0 - -3))
0
Evaluate 8 + (-5 - 5 - 0).
-2
-3 + 3 + 3 - -4 - 4
3
What is the value of 5 + -2 + -8 + (1 - -5)?
1
What is -8 + (-1 - -8 - (6 + 1))?
-8
What is -3 - 1 - -3 - 4?
-5
Calculate (3 - (7 + -4)) + 9 + -4.
5
What is -9 + 15 - (5 - 3)?
4
What is the value of 7 + (-2 - 1) - 10 - -3?
-3
What is the value of (5 - (-2 - -4)) + 0 + -1?
2
What is the value of 2 + (-3 - -5 - 7) - -1?
-2
0 - (5 + 11 + -9)
-7
What is -6 + 1 - (-2 - 0)?
-3
What is -1 + 3 + 4 - 10?
-4
Calculate (5 - 0) + -30 + 25.
0
What is 4 + (40 + -43 - (1 + 0))?
0
Evaluate -3 + 4 + 2 + 0 + -6.
-3
Calculate -3 + 1 - (8 + 5 - 10).
-5
Evaluate 1 + -5 + (-11 - -27 - 8).
4
What is -5 + 0 - (8 + -6 + -8)?
1
Evaluate (-1 - -1) + 3 + (-8 - -7).
2
What is 4 - 0 - (-15 - -14)?
5
(-2 - (-2 + -2 - 0)) + 1
3
Evaluate -120 + 122 + -7 + (-3 - -1).
-7
What is the value of -1 + (3 + (-3 - -2) - 1)?
0
Calculate -1 + (-3 - 3) + 2.
-5
What is the value of 2 + 4 + -5 + (-4 - -2)?
-1
Evaluate 1 + -5 + (0 - -2) + 2.
0
(4 - (2 + 1)) + 3
4
Evaluate 2 + 1 + 1 + -3.
1
What is the value of -1 + (6 + 0 - 2)?
3
Calculate -7 - ((-4 + 8 - 2) + -4).
-5
Evaluate -10 - (-3 - -8 - 19).
4
Evaluate 4 - (14 - 6) - 1.
-5
Calculate 4 + (-4 - 0) - 0.
0
What is -1 + (-3 + (-5 - -3) - -1)?
-5
What is the value of (4 + -2 - -2) + -163 + 157?
-2
Calculate -1 + (-9 - 0) + 10.
0
What is (-8 - -9) + (2 - 0 - 1)?
2
34 + -15 - 8 - (6 + 0)
5
What is the value of 12 + (5 - 21 - -7)?
3
(-4 - (-4 - 8)) + -1
7
-1 + (-13 - -7) + 1
-6
1 + (1 - 1) + 12 + -11
2
Evaluate -4 + -3 + 6 + -2 - -1.
-2
Calculate (-9 - (-8 + 5)) + 13.
7
Calculate -1 + (4 - 0) - (14 + -3).
-8
Calculate 5 + (3 + -3 - 1).
4
-4 - (4 - 7) - 1
-2
What is (-1 - -1) + 3 + 38 + -39?
2
-5 + 7 + -12 + 5 + 1
-4
Calculate 4 - ((2 - (4 - 3)) + -1).
4
Evaluate 2 - -1 - (-3 + 4 - -2).
0
Calculate 3 + -1 + 2 - (7 - -2).
-5
Calculate 4 - (2 + (10 - 1)).
-7
0 + -1 + -17 + 15
-3
Evaluate 10 + 3 + -9 + (1 - 7).
-2
Evaluate 3 + (3 - 6 - 1).
-1
Evaluate 1 + 2 + (-4 - 0) + 5.
4
Calculate 0 + 2 - (3 + -12 + 13).
-2
Evaluate -14 + (-5 - -15) + 12.
8
What is 4 + (-9 - -6) + 1?
2
Calculate -1 + 3 - 0 - (24 - 20).
-2
What is the value of 3 - (-3 - 0 - (3 - 13))?
-4
(-10 - (1 - 6) - 0) + 4
-1
0 + (1 + (-6 - -3) - 1)
-3
What is 2 - (6 - 1) - (-4 + -2)?
3
Evaluate -1 + -4 - (13 - 14).
-4
Calculate 6 - (-4 + 13 + -4).
1
What is the value of (1 - 4) + (0 - 0)?
-3
What is (55 - 56) + (-2 - -1)?
-2
What is 5 + (-3 + 15 - 12)?
5
Calculate (-27 - -23) + (0 - (-1 - 2)).
-1
-2 - (-4 + 2 - -5)
-5
What is -7 + 8 + (-9 - 0)?
-8
What is the value of (1 - 6) + 4 - 1?
-2
What is 1 - ((-3 - -2) + 0)?
2
(-8 + 7 - 4) + -1
-6
Calculate -3 + (4 - 0 - 3) + 1.
-1
What is -5 + 9 + -5 - (-2 - 1)?
2
Calculate -2 - (-2 - (9 - 5)).
4
What is -9 + 4 + -2 + 0 + 13?
6
What is the value of 2 + 11 - 23 - -1?
-9
Evaluate (-1 - (-1 + 5) - 3) + 5.
-3
What is the value of 0 + (-2 - -3) - 1?
0
What is (0 + 2 - 7) + (-25 - -28)?
-2
What is the value of (-14 - -12) + (-1 - -1)?
-2
What is the value of 2 - (0 + -2 + 12 